{"id":2543,"date":"2021-09-21T13:53:37","date_gmt":"2021-09-21T13:53:37","guid":{"rendered":"https:\/\/quellenhof.mycolligo.com\/class\/besteigung-des-torrenthorns\/"},"modified":"2021-10-26T08:30:18","modified_gmt":"2021-10-26T08:30:18","slug":"jusquau-sommet-du-torrenthorn","status":"publish","type":"class","link":"https:\/\/quellenhof-leukerbad.ch\/fr\/class\/jusquau-sommet-du-torrenthorn\/","title":{"rendered":"Jusqu\u2019au sommet du Torrenthorn"},"content":{"rendered":"<p>Trouvez votre source de bonheur sur le sommet de pr\u00e8s de trois mille m\u00e8tres du Torrenthorn.<\/p>\n<p>Le d\u00e9part de la randonn\u00e9e se situe \u00e0 la Rinderh\u00fctte, l\u2019arriv\u00e9edu t\u00e9l\u00e9ph\u00e9rique partant de Lo\u00e8che-les-Bains. La mont\u00e9e traverse les alpages de Torrent, o\u00f9 des vaches, des montons et des ch\u00e8vres paissent en \u00e9t\u00e9.<\/p>\n<p>Le sentier s\u2019oriente progressivement en direction du flanc ouest en passant par la Rinderhalte. Il n\u2019est pas rare que des sifflements de marmottes accompagnent les marcheurs.<\/p>\n<p>\u00c0 une altitude de pr\u00e8s de 2700 m, les prairies alpines c\u00e8dent peu \u00e0 peu la place \u00e0 un terrain rocheux. Depuis la cr\u00eate qui s\u2019\u00e9tire jusqu\u2019au Balmhorn, \u00e0 la fronti\u00e8re cantonale avec les Alpes bernoises, vous jouissez d\u2019une vue magnifique sur la Majingalp et l\u2019impressionnante falaise Montanji, connue pour son abrupte paroi de la Gemmi.<\/p>\n<p>Quelques kilom\u00e8tres plus loin, vous atteignez le sommet du Torrenthorn, souvent appel\u00e9 aussi la \u00abreine du Valais\u00bb. Depuis le sommet, vous b\u00e9n\u00e9ficiez d\u2019un panorama \u00e0 360\u00b0, et quand le ciel est d\u00e9gag\u00e9, il est possible d\u2019apercevoir la Jungfrau, le Bietschhorn, le Monte-Leone, le Weissmies, le groupe des Mischabel, le Mont-Rose, le Cervin, le Grand Combin et m\u00eame le Mont-Blanc.<\/p>\n<p>Difficult\u00e9 : <strong>moyen<\/strong><br \/>\nDistance : <strong>6.6 km<\/strong><br \/>\nDur\u00e9e : <strong>03.00 h<\/strong><br \/>\nD\u00e9nivel\u00e9 positif : <strong>690 m<\/strong><br \/>\nD\u00e9nivel\u00e9 n\u00e9gatif : <strong>690 m<\/strong><\/p>\n","protected":false},"excerpt":{"rendered":"<p>Difficult\u00e9 : <span style=\"background: #dc6b2f; color: #fff; padding: 1px 12px 2px; border-radius: 2px;\"> moyen<\/span><br \/>\nDistance : 6.6 km<br \/>\nDur\u00e9e : 03.00 h<br \/>\nD\u00e9nivel\u00e9 positif : 690 m<br \/>\nD\u00e9nivel\u00e9 n\u00e9gatif : 690 m<\/p>\n","protected":false},"template":"","meta":[],"wcs-type":[131,134],"wcs-room":[137],"wcs-instructor":[140],"class_list":["post-2543","class","type-class","status-publish","hentry","wcs-type-difficulte-moyen-fr","wcs-type-randonnee-fr","wcs-room-2-5-4h-fr","wcs-instructor-4-15km-fr"],"yoast_head":"<!-- This site is optimized with the Yoast SEO plugin v27.4 - https:\/\/yoast.com\/product\/yoast-seo-wordpress\/ -->\n<title>Jusqu\u2019au sommet du Torrenthorn - Quellenhof Hotel in Leukerbad<\/title>\n<meta name=\"robots\" content=\"index, follow, max-snippet:-1, max-image-preview:large, max-video-preview:-1\" \/>\n<link rel=\"canonical\" href=\"https:\/\/quellenhof-leukerbad.ch\/fr\/class\/jusquau-sommet-du-torrenthorn\/\" \/>\n<meta property=\"og:locale\" content=\"fr_FR\" \/>\n<meta property=\"og:type\" content=\"article\" \/>\n<meta property=\"og:title\" content=\"Jusqu\u2019au sommet du Torrenthorn - Quellenhof Hotel in Leukerbad\" \/>\n<meta property=\"og:description\" content=\"Difficult\u00e9 : moyen Distance : 6.6 km Dur\u00e9e : 03.00 h D\u00e9nivel\u00e9 positif : 690 m D\u00e9nivel\u00e9 n\u00e9gatif : 690 m\" \/>\n<meta property=\"og:url\" content=\"https:\/\/quellenhof-leukerbad.ch\/fr\/class\/jusquau-sommet-du-torrenthorn\/\" \/>\n<meta property=\"og:site_name\" content=\"Quellenhof Hotel in Leukerbad\" \/>\n<meta property=\"article:publisher\" content=\"https:\/\/www.facebook.com\/quellenhof.leukerbad\" \/>\n<meta property=\"article:modified_time\" content=\"2021-10-26T08:30:18+00:00\" \/>\n<meta name=\"twitter:card\" content=\"summary_large_image\" \/>\n<meta name=\"twitter:label1\" content=\"Dur\u00e9e de lecture estim\u00e9e\" \/>\n\t<meta name=\"twitter:data1\" content=\"1 minute\" \/>\n<script type=\"application\/ld+json\" class=\"yoast-schema-graph\">{\"@context\":\"https:\\\/\\\/schema.org\",\"@graph\":[{\"@type\":\"WebPage\",\"@id\":\"https:\\\/\\\/quellenhof-leukerbad.ch\\\/fr\\\/class\\\/jusquau-sommet-du-torrenthorn\\\/\",\"url\":\"https:\\\/\\\/quellenhof-leukerbad.ch\\\/fr\\\/class\\\/jusquau-sommet-du-torrenthorn\\\/\",\"name\":\"Jusqu\u2019au sommet du Torrenthorn - Quellenhof Hotel in Leukerbad\",\"isPartOf\":{\"@id\":\"https:\\\/\\\/quellenhof-leukerbad.ch\\\/fr\\\/#website\"},\"datePublished\":\"2021-09-21T13:53:37+00:00\",\"dateModified\":\"2021-10-26T08:30:18+00:00\",\"breadcrumb\":{\"@id\":\"https:\\\/\\\/quellenhof-leukerbad.ch\\\/fr\\\/class\\\/jusquau-sommet-du-torrenthorn\\\/#breadcrumb\"},\"inLanguage\":\"fr-FR\",\"potentialAction\":[{\"@type\":\"ReadAction\",\"target\":[\"https:\\\/\\\/quellenhof-leukerbad.ch\\\/fr\\\/class\\\/jusquau-sommet-du-torrenthorn\\\/\"]}]},{\"@type\":\"BreadcrumbList\",\"@id\":\"https:\\\/\\\/quellenhof-leukerbad.ch\\\/fr\\\/class\\\/jusquau-sommet-du-torrenthorn\\\/#breadcrumb\",\"itemListElement\":[{\"@type\":\"ListItem\",\"position\":1,\"name\":\"Startseite\",\"item\":\"https:\\\/\\\/quellenhof-leukerbad.ch\\\/fr\\\/\"},{\"@type\":\"ListItem\",\"position\":2,\"name\":\"Jusqu\u2019au sommet du Torrenthorn\"}]},{\"@type\":\"WebSite\",\"@id\":\"https:\\\/\\\/quellenhof-leukerbad.ch\\\/fr\\\/#website\",\"url\":\"https:\\\/\\\/quellenhof-leukerbad.ch\\\/fr\\\/\",\"name\":\"Quellenhof Hotel in Leukerbad\",\"description\":\"Hotel Restaurant Quellenhof in Leukerbad\",\"publisher\":{\"@id\":\"https:\\\/\\\/quellenhof-leukerbad.ch\\\/fr\\\/#organization\"},\"potentialAction\":[{\"@type\":\"SearchAction\",\"target\":{\"@type\":\"EntryPoint\",\"urlTemplate\":\"https:\\\/\\\/quellenhof-leukerbad.ch\\\/fr\\\/?s={search_term_string}\"},\"query-input\":{\"@type\":\"PropertyValueSpecification\",\"valueRequired\":true,\"valueName\":\"search_term_string\"}}],\"inLanguage\":\"fr-FR\"},{\"@type\":\"Organization\",\"@id\":\"https:\\\/\\\/quellenhof-leukerbad.ch\\\/fr\\\/#organization\",\"name\":\"Quellenhof Leukerbad\",\"url\":\"https:\\\/\\\/quellenhof-leukerbad.ch\\\/fr\\\/\",\"logo\":{\"@type\":\"ImageObject\",\"inLanguage\":\"fr-FR\",\"@id\":\"https:\\\/\\\/quellenhof-leukerbad.ch\\\/fr\\\/#\\\/schema\\\/logo\\\/image\\\/\",\"url\":\"https:\\\/\\\/quellenhof-leukerbad.ch\\\/wp-content\\\/uploads\\\/2020\\\/12\\\/Quellenhof_Logo_rgb.png\",\"contentUrl\":\"https:\\\/\\\/quellenhof-leukerbad.ch\\\/wp-content\\\/uploads\\\/2020\\\/12\\\/Quellenhof_Logo_rgb.png\",\"width\":237,\"height\":70,\"caption\":\"Quellenhof Leukerbad\"},\"image\":{\"@id\":\"https:\\\/\\\/quellenhof-leukerbad.ch\\\/fr\\\/#\\\/schema\\\/logo\\\/image\\\/\"},\"sameAs\":[\"https:\\\/\\\/www.facebook.com\\\/quellenhof.leukerbad\",\"https:\\\/\\\/www.instagram.com\\\/quellenhof_leukerbad\"]}]}<\/script>\n<!-- \/ Yoast SEO plugin. -->","yoast_head_json":{"title":"Jusqu\u2019au sommet du Torrenthorn - Quellenhof Hotel in Leukerbad","robots":{"index":"index","follow":"follow","max-snippet":"max-snippet:-1","max-image-preview":"max-image-preview:large","max-video-preview":"max-video-preview:-1"},"canonical":"https:\/\/quellenhof-leukerbad.ch\/fr\/class\/jusquau-sommet-du-torrenthorn\/","og_locale":"fr_FR","og_type":"article","og_title":"Jusqu\u2019au sommet du Torrenthorn - Quellenhof Hotel in Leukerbad","og_description":"Difficult\u00e9 : moyen Distance : 6.6 km Dur\u00e9e : 03.00 h D\u00e9nivel\u00e9 positif : 690 m D\u00e9nivel\u00e9 n\u00e9gatif : 690 m","og_url":"https:\/\/quellenhof-leukerbad.ch\/fr\/class\/jusquau-sommet-du-torrenthorn\/","og_site_name":"Quellenhof Hotel in Leukerbad","article_publisher":"https:\/\/www.facebook.com\/quellenhof.leukerbad","article_modified_time":"2021-10-26T08:30:18+00:00","twitter_card":"summary_large_image","twitter_misc":{"Dur\u00e9e de lecture estim\u00e9e":"1 minute"},"schema":{"@context":"https:\/\/schema.org","@graph":[{"@type":"WebPage","@id":"https:\/\/quellenhof-leukerbad.ch\/fr\/class\/jusquau-sommet-du-torrenthorn\/","url":"https:\/\/quellenhof-leukerbad.ch\/fr\/class\/jusquau-sommet-du-torrenthorn\/","name":"Jusqu\u2019au sommet du Torrenthorn - Quellenhof Hotel in Leukerbad","isPartOf":{"@id":"https:\/\/quellenhof-leukerbad.ch\/fr\/#website"},"datePublished":"2021-09-21T13:53:37+00:00","dateModified":"2021-10-26T08:30:18+00:00","breadcrumb":{"@id":"https:\/\/quellenhof-leukerbad.ch\/fr\/class\/jusquau-sommet-du-torrenthorn\/#breadcrumb"},"inLanguage":"fr-FR","potentialAction":[{"@type":"ReadAction","target":["https:\/\/quellenhof-leukerbad.ch\/fr\/class\/jusquau-sommet-du-torrenthorn\/"]}]},{"@type":"BreadcrumbList","@id":"https:\/\/quellenhof-leukerbad.ch\/fr\/class\/jusquau-sommet-du-torrenthorn\/#breadcrumb","itemListElement":[{"@type":"ListItem","position":1,"name":"Startseite","item":"https:\/\/quellenhof-leukerbad.ch\/fr\/"},{"@type":"ListItem","position":2,"name":"Jusqu\u2019au sommet du Torrenthorn"}]},{"@type":"WebSite","@id":"https:\/\/quellenhof-leukerbad.ch\/fr\/#website","url":"https:\/\/quellenhof-leukerbad.ch\/fr\/","name":"Quellenhof Hotel in Leukerbad","description":"Hotel Restaurant Quellenhof in Leukerbad","publisher":{"@id":"https:\/\/quellenhof-leukerbad.ch\/fr\/#organization"},"potentialAction":[{"@type":"SearchAction","target":{"@type":"EntryPoint","urlTemplate":"https:\/\/quellenhof-leukerbad.ch\/fr\/?s={search_term_string}"},"query-input":{"@type":"PropertyValueSpecification","valueRequired":true,"valueName":"search_term_string"}}],"inLanguage":"fr-FR"},{"@type":"Organization","@id":"https:\/\/quellenhof-leukerbad.ch\/fr\/#organization","name":"Quellenhof Leukerbad","url":"https:\/\/quellenhof-leukerbad.ch\/fr\/","logo":{"@type":"ImageObject","inLanguage":"fr-FR","@id":"https:\/\/quellenhof-leukerbad.ch\/fr\/#\/schema\/logo\/image\/","url":"https:\/\/quellenhof-leukerbad.ch\/wp-content\/uploads\/2020\/12\/Quellenhof_Logo_rgb.png","contentUrl":"https:\/\/quellenhof-leukerbad.ch\/wp-content\/uploads\/2020\/12\/Quellenhof_Logo_rgb.png","width":237,"height":70,"caption":"Quellenhof Leukerbad"},"image":{"@id":"https:\/\/quellenhof-leukerbad.ch\/fr\/#\/schema\/logo\/image\/"},"sameAs":["https:\/\/www.facebook.com\/quellenhof.leukerbad","https:\/\/www.instagram.com\/quellenhof_leukerbad"]}]}},"_links":{"self":[{"href":"https:\/\/quellenhof-leukerbad.ch\/fr\/wp-json\/wp\/v2\/class\/2543","targetHints":{"allow":["GET"]}}],"collection":[{"href":"https:\/\/quellenhof-leukerbad.ch\/fr\/wp-json\/wp\/v2\/class"}],"about":[{"href":"https:\/\/quellenhof-leukerbad.ch\/fr\/wp-json\/wp\/v2\/types\/class"}],"wp:attachment":[{"href":"https:\/\/quellenhof-leukerbad.ch\/fr\/wp-json\/wp\/v2\/media?parent=2543"}],"wp:term":[{"taxonomy":"wcs-type","embeddable":true,"href":"https:\/\/quellenhof-leukerbad.ch\/fr\/wp-json\/wp\/v2\/wcs-type?post=2543"},{"taxonomy":"wcs-room","embeddable":true,"href":"https:\/\/quellenhof-leukerbad.ch\/fr\/wp-json\/wp\/v2\/wcs-room?post=2543"},{"taxonomy":"wcs-instructor","embeddable":true,"href":"https:\/\/quellenhof-leukerbad.ch\/fr\/wp-json\/wp\/v2\/wcs-instructor?post=2543"}],"curies":[{"name":"wp","href":"https:\/\/api.w.org\/{rel}","templated":true}]}}

<p>Trouvez votre source de bonheur sur le sommet de près de trois mille mètres du Torrenthorn.</p>
<p>Le départ de la randonnée se situe à la Rinderhütte, l’arrivéedu téléphérique partant de Loèche-les-Bains. La montée traverse les alpages de Torrent, où des vaches, des montons et des chèvres paissent en été.</p>
<p>Le sentier s’oriente progressivement en direction du flanc ouest en passant par la Rinderhalte. Il n’est pas rare que des sifflements de marmottes accompagnent les marcheurs.</p>
<p>À une altitude de près de 2700 m, les prairies alpines cèdent peu à peu la place à un terrain rocheux. Depuis la crête qui s’étire jusqu’au Balmhorn, à la frontière cantonale avec les Alpes bernoises, vous jouissez d’une vue magnifique sur la Majingalp et l’impressionnante falaise Montanji, connue pour son abrupte paroi de la Gemmi.</p>
<p>Quelques kilomètres plus loin, vous atteignez le sommet du Torrenthorn, souvent appelé aussi la «reine du Valais». Depuis le sommet, vous bénéficiez d’un panorama à 360°, et quand le ciel est dégagé, il est possible d’apercevoir la Jungfrau, le Bietschhorn, le Monte-Leone, le Weissmies, le groupe des Mischabel, le Mont-Rose, le Cervin, le Grand Combin et même le Mont-Blanc.</p>
<p>Difficulté : <strong>moyen</strong><br />
Distance : <strong>6.6 km</strong><br />
Durée : <strong>03.00 h</strong><br />
Dénivelé positif : <strong>690 m</strong><br />
Dénivelé négatif : <strong>690 m</strong></p>

<p>Difficulté : <span style="background: #dc6b2f; color: #fff; padding: 1px 12px 2px; border-radius: 2px;"> moyen</span><br />
Distance : 6.6 km<br />
Durée : 03.00 h<br />
Dénivelé positif : 690 m<br />
Dénivelé négatif : 690 m</p>

<!-- This site is optimized with the Yoast SEO plugin v27.4 - https://yoast.com/product/yoast-seo-wordpress/ -->
<title>Jusqu’au sommet du Torrenthorn - Quellenhof Hotel in Leukerbad</title>
<meta name="robots" content="index, follow, max-snippet:-1, max-image-preview:large, max-video-preview:-1" />
<link rel="canonical" href="https://quellenhof-leukerbad.ch/fr/class/jusquau-sommet-du-torrenthorn/" />
<meta property="og:locale" content="fr_FR" />
<meta property="og:type" content="article" />
<meta property="og:title" content="Jusqu’au sommet du Torrenthorn - Quellenhof Hotel in Leukerbad" />
<meta property="og:description" content="Difficulté : moyen Distance : 6.6 km Durée : 03.00 h Dénivelé positif : 690 m Dénivelé négatif : 690 m" />
<meta property="og:url" content="https://quellenhof-leukerbad.ch/fr/class/jusquau-sommet-du-torrenthorn/" />
<meta property="og:site_name" content="Quellenhof Hotel in Leukerbad" />
<meta property="article:publisher" content="https://www.facebook.com/quellenhof.leukerbad" />
<meta property="article:modified_time" content="2021-10-26T08:30:18+00:00" />
<meta name="twitter:card" content="summary_large_image" />
<meta name="twitter:label1" content="Durée de lecture estimée" />
	<meta name="twitter:data1" content="1 minute" />
<script type="application/ld+json" class="yoast-schema-graph">{"@context":"https:\/\/schema.org","@graph":[{"@type":"WebPage","@id":"https:\/\/quellenhof-leukerbad.ch\/fr\/class\/jusquau-sommet-du-torrenthorn\/","url":"https:\/\/quellenhof-leukerbad.ch\/fr\/class\/jusquau-sommet-du-torrenthorn\/","name":"Jusqu’au sommet du Torrenthorn - Quellenhof Hotel in Leukerbad","isPartOf":{"@id":"https:\/\/quellenhof-leukerbad.ch\/fr\/#website"},"datePublished":"2021-09-21T13:53:37+00:00","dateModified":"2021-10-26T08:30:18+00:00","breadcrumb":{"@id":"https:\/\/quellenhof-leukerbad.ch\/fr\/class\/jusquau-sommet-du-torrenthorn\/#breadcrumb"},"inLanguage":"fr-FR","potentialAction":[{"@type":"ReadAction","target":["https:\/\/quellenhof-leukerbad.ch\/fr\/class\/jusquau-sommet-du-torrenthorn\/"]}]},{"@type":"BreadcrumbList","@id":"https:\/\/quellenhof-leukerbad.ch\/fr\/class\/jusquau-sommet-du-torrenthorn\/#breadcrumb","itemListElement":[{"@type":"ListItem","position":1,"name":"Startseite","item":"https:\/\/quellenhof-leukerbad.ch\/fr\/"},{"@type":"ListItem","position":2,"name":"Jusqu’au sommet du Torrenthorn"}]},{"@type":"WebSite","@id":"https:\/\/quellenhof-leukerbad.ch\/fr\/#website","url":"https:\/\/quellenhof-leukerbad.ch\/fr\/","name":"Quellenhof Hotel in Leukerbad","description":"Hotel Restaurant Quellenhof in Leukerbad","publisher":{"@id":"https:\/\/quellenhof-leukerbad.ch\/fr\/#organization"},"potentialAction":[{"@type":"SearchAction","target":{"@type":"EntryPoint","urlTemplate":"https:\/\/quellenhof-leukerbad.ch\/fr\/?s={search_term_string}"},"query-input":{"@type":"PropertyValueSpecification","valueRequired":true,"valueName":"search_term_string"}}],"inLanguage":"fr-FR"},{"@type":"Organization","@id":"https:\/\/quellenhof-leukerbad.ch\/fr\/#organization","name":"Quellenhof Leukerbad","url":"https:\/\/quellenhof-leukerbad.ch\/fr\/","logo":{"@type":"ImageObject","inLanguage":"fr-FR","@id":"https:\/\/quellenhof-leukerbad.ch\/fr\/#\/schema\/logo\/image\/","url":"https:\/\/quellenhof-leukerbad.ch\/wp-content\/uploads\/2020\/12\/Quellenhof_Logo_rgb.png","contentUrl":"https:\/\/quellenhof-leukerbad.ch\/wp-content\/uploads\/2020\/12\/Quellenhof_Logo_rgb.png","width":237,"height":70,"caption":"Quellenhof Leukerbad"},"image":{"@id":"https:\/\/quellenhof-leukerbad.ch\/fr\/#\/schema\/logo\/image\/"},"sameAs":["https:\/\/www.facebook.com\/quellenhof.leukerbad","https:\/\/www.instagram.com\/quellenhof_leukerbad"]}]}</script>
<!-- / Yoast SEO plugin. -->

Difficulté : moyen Distance : 6.6 km Durée : 03.00 h Dénivelé positif : 690 m Dénivelé négatif : 690 m
