{"id":2541,"date":"2021-09-21T13:06:36","date_gmt":"2021-09-21T13:06:36","guid":{"rendered":"https:\/\/quellenhof.mycolligo.com\/class\/vom-gemmipass-zur-laemmerenhuette\/"},"modified":"2021-10-26T08:28:57","modified_gmt":"2021-10-26T08:28:57","slug":"chemin-du-glacier-et-cabane-de-la-laemmeren","status":"publish","type":"class","link":"https:\/\/quellenhof-leukerbad.ch\/fr\/class\/chemin-du-glacier-et-cabane-de-la-laemmeren\/","title":{"rendered":"Chemin du glacier et cabane de la L\u00e4mmeren"},"content":{"rendered":"<p>Randonn\u00e9e le long du sentier th\u00e9matique traversant le haut plateau, du col de la Gemmi \u00e0 la cabane CAS de la L\u00e4mmeren. Situ\u00e9e au pied du massif du Wildstrubel, la cabane offre une vue magnifique sur les Alpes valaisannes.<\/p>\n<p>\u00c0 l&rsquo;aller comme au retour, cette boucle menant \u00e0 la cabane de la L\u00e4mmeren parcourt une r\u00e9gion rocheuse de haute montagne au pied du massif du Wildstrubel. La randonn\u00e9e traverse les crevasses de calcaire et les \u00e9boulis de schiste sur le L\u00e4mmerenboden. En collaboration avec l\u2019Universit\u00e9 de Berne, le gardien de la cabane de la L\u00e4mmeren y a am\u00e9nag\u00e9 un sentier th\u00e9matique balis\u00e9. Le long de ce sentier, dix stations vous donnent des informations sur la g\u00e9ologie, le paysage et la biologie des environs. Une brochure contenant des explications pour parcourir le sentier th\u00e9matique est \u00e0 disposition.<\/p>\n<p>Une ascension de 200 m\u00e8tres de d\u00e9nivel\u00e9 jusqu\u2019\u00e0 la cabane vous attend au bout du L\u00e4merrenboden. Les passages difficiles de la mont\u00e9e sont s\u00e9curis\u00e9s au moyen de cha\u00eenes. Avec un peu de chance, vous apercevrez des bouquetins qui s\u2019approchent r\u00e9guli\u00e8rement de la cabane. Des chemins de randonn\u00e9e partent explorer les environs de la cabane et plusieurs sites d\u2019escalade de divers niveaux de difficult\u00e9 permettent de tenter l\u2019aventure.<\/p>\n<p>Difficult\u00e9 : <strong>facile<\/strong><br \/>\nDistance : <strong>10 km<\/strong><br \/>\nDur\u00e9e : <strong>03.15 h<\/strong><br \/>\nD\u00e9nivel\u00e9 positif : <strong>460 m<\/strong><br \/>\nD\u00e9nivel\u00e9 n\u00e9gatif : <strong>460 m<\/strong><\/p>\n","protected":false},"excerpt":{"rendered":"<p>Difficult\u00e9 : <span style=\"background: #287233; color: #fff; padding: 1px 12px 2px; border-radius: 2px;\"> facile<\/span><br \/>\nDistance : 10 km<br \/>\nDur\u00e9e : 03.15 h<br \/>\nD\u00e9nivel\u00e9 positif : 460 m<br \/>\nD\u00e9nivel\u00e9 n\u00e9gatif : 460 m<\/p>\n","protected":false},"template":"","meta":[],"wcs-type":[132,134],"wcs-room":[137],"wcs-instructor":[140],"class_list":["post-2541","class","type-class","status-publish","hentry","wcs-type-difficulte-facile-fr","wcs-type-randonnee-fr","wcs-room-2-5-4h-fr","wcs-instructor-4-15km-fr"],"yoast_head":"<!-- This site is optimized with the Yoast SEO plugin v27.4 - https:\/\/yoast.com\/product\/yoast-seo-wordpress\/ -->\n<title>Chemin du glacier et cabane de la L\u00e4mmeren - Quellenhof Hotel in Leukerbad<\/title>\n<meta name=\"robots\" content=\"index, follow, max-snippet:-1, max-image-preview:large, max-video-preview:-1\" \/>\n<link rel=\"canonical\" href=\"https:\/\/quellenhof-leukerbad.ch\/fr\/class\/chemin-du-glacier-et-cabane-de-la-laemmeren\/\" \/>\n<meta property=\"og:locale\" content=\"fr_FR\" \/>\n<meta property=\"og:type\" content=\"article\" \/>\n<meta property=\"og:title\" content=\"Chemin du glacier et cabane de la L\u00e4mmeren - Quellenhof Hotel in Leukerbad\" \/>\n<meta property=\"og:description\" content=\"Difficult\u00e9 : facile Distance : 10 km Dur\u00e9e : 03.15 h D\u00e9nivel\u00e9 positif : 460 m D\u00e9nivel\u00e9 n\u00e9gatif : 460 m\" \/>\n<meta property=\"og:url\" content=\"https:\/\/quellenhof-leukerbad.ch\/fr\/class\/chemin-du-glacier-et-cabane-de-la-laemmeren\/\" \/>\n<meta property=\"og:site_name\" content=\"Quellenhof Hotel in Leukerbad\" \/>\n<meta property=\"article:publisher\" content=\"https:\/\/www.facebook.com\/quellenhof.leukerbad\" \/>\n<meta property=\"article:modified_time\" content=\"2021-10-26T08:28:57+00:00\" \/>\n<meta name=\"twitter:card\" content=\"summary_large_image\" \/>\n<meta name=\"twitter:label1\" content=\"Dur\u00e9e de lecture estim\u00e9e\" \/>\n\t<meta name=\"twitter:data1\" content=\"1 minute\" \/>\n<script type=\"application\/ld+json\" class=\"yoast-schema-graph\">{\"@context\":\"https:\\\/\\\/schema.org\",\"@graph\":[{\"@type\":\"WebPage\",\"@id\":\"https:\\\/\\\/quellenhof-leukerbad.ch\\\/fr\\\/class\\\/chemin-du-glacier-et-cabane-de-la-laemmeren\\\/\",\"url\":\"https:\\\/\\\/quellenhof-leukerbad.ch\\\/fr\\\/class\\\/chemin-du-glacier-et-cabane-de-la-laemmeren\\\/\",\"name\":\"Chemin du glacier et cabane de la L\u00e4mmeren - Quellenhof Hotel in Leukerbad\",\"isPartOf\":{\"@id\":\"https:\\\/\\\/quellenhof-leukerbad.ch\\\/fr\\\/#website\"},\"datePublished\":\"2021-09-21T13:06:36+00:00\",\"dateModified\":\"2021-10-26T08:28:57+00:00\",\"breadcrumb\":{\"@id\":\"https:\\\/\\\/quellenhof-leukerbad.ch\\\/fr\\\/class\\\/chemin-du-glacier-et-cabane-de-la-laemmeren\\\/#breadcrumb\"},\"inLanguage\":\"fr-FR\",\"potentialAction\":[{\"@type\":\"ReadAction\",\"target\":[\"https:\\\/\\\/quellenhof-leukerbad.ch\\\/fr\\\/class\\\/chemin-du-glacier-et-cabane-de-la-laemmeren\\\/\"]}]},{\"@type\":\"BreadcrumbList\",\"@id\":\"https:\\\/\\\/quellenhof-leukerbad.ch\\\/fr\\\/class\\\/chemin-du-glacier-et-cabane-de-la-laemmeren\\\/#breadcrumb\",\"itemListElement\":[{\"@type\":\"ListItem\",\"position\":1,\"name\":\"Startseite\",\"item\":\"https:\\\/\\\/quellenhof-leukerbad.ch\\\/fr\\\/\"},{\"@type\":\"ListItem\",\"position\":2,\"name\":\"Chemin du glacier et cabane de la L\u00e4mmeren\"}]},{\"@type\":\"WebSite\",\"@id\":\"https:\\\/\\\/quellenhof-leukerbad.ch\\\/fr\\\/#website\",\"url\":\"https:\\\/\\\/quellenhof-leukerbad.ch\\\/fr\\\/\",\"name\":\"Quellenhof Hotel in Leukerbad\",\"description\":\"Hotel Restaurant Quellenhof in Leukerbad\",\"publisher\":{\"@id\":\"https:\\\/\\\/quellenhof-leukerbad.ch\\\/fr\\\/#organization\"},\"potentialAction\":[{\"@type\":\"SearchAction\",\"target\":{\"@type\":\"EntryPoint\",\"urlTemplate\":\"https:\\\/\\\/quellenhof-leukerbad.ch\\\/fr\\\/?s={search_term_string}\"},\"query-input\":{\"@type\":\"PropertyValueSpecification\",\"valueRequired\":true,\"valueName\":\"search_term_string\"}}],\"inLanguage\":\"fr-FR\"},{\"@type\":\"Organization\",\"@id\":\"https:\\\/\\\/quellenhof-leukerbad.ch\\\/fr\\\/#organization\",\"name\":\"Quellenhof Leukerbad\",\"url\":\"https:\\\/\\\/quellenhof-leukerbad.ch\\\/fr\\\/\",\"logo\":{\"@type\":\"ImageObject\",\"inLanguage\":\"fr-FR\",\"@id\":\"https:\\\/\\\/quellenhof-leukerbad.ch\\\/fr\\\/#\\\/schema\\\/logo\\\/image\\\/\",\"url\":\"https:\\\/\\\/quellenhof-leukerbad.ch\\\/wp-content\\\/uploads\\\/2020\\\/12\\\/Quellenhof_Logo_rgb.png\",\"contentUrl\":\"https:\\\/\\\/quellenhof-leukerbad.ch\\\/wp-content\\\/uploads\\\/2020\\\/12\\\/Quellenhof_Logo_rgb.png\",\"width\":237,\"height\":70,\"caption\":\"Quellenhof Leukerbad\"},\"image\":{\"@id\":\"https:\\\/\\\/quellenhof-leukerbad.ch\\\/fr\\\/#\\\/schema\\\/logo\\\/image\\\/\"},\"sameAs\":[\"https:\\\/\\\/www.facebook.com\\\/quellenhof.leukerbad\",\"https:\\\/\\\/www.instagram.com\\\/quellenhof_leukerbad\"]}]}<\/script>\n<!-- \/ Yoast SEO plugin. -->","yoast_head_json":{"title":"Chemin du glacier et cabane de la L\u00e4mmeren - Quellenhof Hotel in Leukerbad","robots":{"index":"index","follow":"follow","max-snippet":"max-snippet:-1","max-image-preview":"max-image-preview:large","max-video-preview":"max-video-preview:-1"},"canonical":"https:\/\/quellenhof-leukerbad.ch\/fr\/class\/chemin-du-glacier-et-cabane-de-la-laemmeren\/","og_locale":"fr_FR","og_type":"article","og_title":"Chemin du glacier et cabane de la L\u00e4mmeren - Quellenhof Hotel in Leukerbad","og_description":"Difficult\u00e9 : facile Distance : 10 km Dur\u00e9e : 03.15 h D\u00e9nivel\u00e9 positif : 460 m D\u00e9nivel\u00e9 n\u00e9gatif : 460 m","og_url":"https:\/\/quellenhof-leukerbad.ch\/fr\/class\/chemin-du-glacier-et-cabane-de-la-laemmeren\/","og_site_name":"Quellenhof Hotel in Leukerbad","article_publisher":"https:\/\/www.facebook.com\/quellenhof.leukerbad","article_modified_time":"2021-10-26T08:28:57+00:00","twitter_card":"summary_large_image","twitter_misc":{"Dur\u00e9e de lecture estim\u00e9e":"1 minute"},"schema":{"@context":"https:\/\/schema.org","@graph":[{"@type":"WebPage","@id":"https:\/\/quellenhof-leukerbad.ch\/fr\/class\/chemin-du-glacier-et-cabane-de-la-laemmeren\/","url":"https:\/\/quellenhof-leukerbad.ch\/fr\/class\/chemin-du-glacier-et-cabane-de-la-laemmeren\/","name":"Chemin du glacier et cabane de la L\u00e4mmeren - Quellenhof Hotel in Leukerbad","isPartOf":{"@id":"https:\/\/quellenhof-leukerbad.ch\/fr\/#website"},"datePublished":"2021-09-21T13:06:36+00:00","dateModified":"2021-10-26T08:28:57+00:00","breadcrumb":{"@id":"https:\/\/quellenhof-leukerbad.ch\/fr\/class\/chemin-du-glacier-et-cabane-de-la-laemmeren\/#breadcrumb"},"inLanguage":"fr-FR","potentialAction":[{"@type":"ReadAction","target":["https:\/\/quellenhof-leukerbad.ch\/fr\/class\/chemin-du-glacier-et-cabane-de-la-laemmeren\/"]}]},{"@type":"BreadcrumbList","@id":"https:\/\/quellenhof-leukerbad.ch\/fr\/class\/chemin-du-glacier-et-cabane-de-la-laemmeren\/#breadcrumb","itemListElement":[{"@type":"ListItem","position":1,"name":"Startseite","item":"https:\/\/quellenhof-leukerbad.ch\/fr\/"},{"@type":"ListItem","position":2,"name":"Chemin du glacier et cabane de la L\u00e4mmeren"}]},{"@type":"WebSite","@id":"https:\/\/quellenhof-leukerbad.ch\/fr\/#website","url":"https:\/\/quellenhof-leukerbad.ch\/fr\/","name":"Quellenhof Hotel in Leukerbad","description":"Hotel Restaurant Quellenhof in Leukerbad","publisher":{"@id":"https:\/\/quellenhof-leukerbad.ch\/fr\/#organization"},"potentialAction":[{"@type":"SearchAction","target":{"@type":"EntryPoint","urlTemplate":"https:\/\/quellenhof-leukerbad.ch\/fr\/?s={search_term_string}"},"query-input":{"@type":"PropertyValueSpecification","valueRequired":true,"valueName":"search_term_string"}}],"inLanguage":"fr-FR"},{"@type":"Organization","@id":"https:\/\/quellenhof-leukerbad.ch\/fr\/#organization","name":"Quellenhof Leukerbad","url":"https:\/\/quellenhof-leukerbad.ch\/fr\/","logo":{"@type":"ImageObject","inLanguage":"fr-FR","@id":"https:\/\/quellenhof-leukerbad.ch\/fr\/#\/schema\/logo\/image\/","url":"https:\/\/quellenhof-leukerbad.ch\/wp-content\/uploads\/2020\/12\/Quellenhof_Logo_rgb.png","contentUrl":"https:\/\/quellenhof-leukerbad.ch\/wp-content\/uploads\/2020\/12\/Quellenhof_Logo_rgb.png","width":237,"height":70,"caption":"Quellenhof Leukerbad"},"image":{"@id":"https:\/\/quellenhof-leukerbad.ch\/fr\/#\/schema\/logo\/image\/"},"sameAs":["https:\/\/www.facebook.com\/quellenhof.leukerbad","https:\/\/www.instagram.com\/quellenhof_leukerbad"]}]}},"_links":{"self":[{"href":"https:\/\/quellenhof-leukerbad.ch\/fr\/wp-json\/wp\/v2\/class\/2541","targetHints":{"allow":["GET"]}}],"collection":[{"href":"https:\/\/quellenhof-leukerbad.ch\/fr\/wp-json\/wp\/v2\/class"}],"about":[{"href":"https:\/\/quellenhof-leukerbad.ch\/fr\/wp-json\/wp\/v2\/types\/class"}],"wp:attachment":[{"href":"https:\/\/quellenhof-leukerbad.ch\/fr\/wp-json\/wp\/v2\/media?parent=2541"}],"wp:term":[{"taxonomy":"wcs-type","embeddable":true,"href":"https:\/\/quellenhof-leukerbad.ch\/fr\/wp-json\/wp\/v2\/wcs-type?post=2541"},{"taxonomy":"wcs-room","embeddable":true,"href":"https:\/\/quellenhof-leukerbad.ch\/fr\/wp-json\/wp\/v2\/wcs-room?post=2541"},{"taxonomy":"wcs-instructor","embeddable":true,"href":"https:\/\/quellenhof-leukerbad.ch\/fr\/wp-json\/wp\/v2\/wcs-instructor?post=2541"}],"curies":[{"name":"wp","href":"https:\/\/api.w.org\/{rel}","templated":true}]}}

Chemin du glacier et cabane de la Lämmeren

<p>Randonnée le long du sentier thématique traversant le haut plateau, du col de la Gemmi à la cabane CAS de la Lämmeren. Située au pied du massif du Wildstrubel, la cabane offre une vue magnifique sur les Alpes valaisannes.</p>
<p>À l&rsquo;aller comme au retour, cette boucle menant à la cabane de la Lämmeren parcourt une région rocheuse de haute montagne au pied du massif du Wildstrubel. La randonnée traverse les crevasses de calcaire et les éboulis de schiste sur le Lämmerenboden. En collaboration avec l’Université de Berne, le gardien de la cabane de la Lämmeren y a aménagé un sentier thématique balisé. Le long de ce sentier, dix stations vous donnent des informations sur la géologie, le paysage et la biologie des environs. Une brochure contenant des explications pour parcourir le sentier thématique est à disposition.</p>
<p>Une ascension de 200 mètres de dénivelé jusqu’à la cabane vous attend au bout du Lämerrenboden. Les passages difficiles de la montée sont sécurisés au moyen de chaînes. Avec un peu de chance, vous apercevrez des bouquetins qui s’approchent régulièrement de la cabane. Des chemins de randonnée partent explorer les environs de la cabane et plusieurs sites d’escalade de divers niveaux de difficulté permettent de tenter l’aventure.</p>
<p>Difficulté : <strong>facile</strong><br />
Distance : <strong>10 km</strong><br />
Durée : <strong>03.15 h</strong><br />
Dénivelé positif : <strong>460 m</strong><br />
Dénivelé négatif : <strong>460 m</strong></p>

<p>Difficulté : <span style="background: #287233; color: #fff; padding: 1px 12px 2px; border-radius: 2px;"> facile</span><br />
Distance : 10 km<br />
Durée : 03.15 h<br />
Dénivelé positif : 460 m<br />
Dénivelé négatif : 460 m</p>

<!-- This site is optimized with the Yoast SEO plugin v27.4 - https://yoast.com/product/yoast-seo-wordpress/ -->
<title>Chemin du glacier et cabane de la Lämmeren - Quellenhof Hotel in Leukerbad</title>
<meta name="robots" content="index, follow, max-snippet:-1, max-image-preview:large, max-video-preview:-1" />
<link rel="canonical" href="https://quellenhof-leukerbad.ch/fr/class/chemin-du-glacier-et-cabane-de-la-laemmeren/" />
<meta property="og:locale" content="fr_FR" />
<meta property="og:type" content="article" />
<meta property="og:title" content="Chemin du glacier et cabane de la Lämmeren - Quellenhof Hotel in Leukerbad" />
<meta property="og:description" content="Difficulté : facile Distance : 10 km Durée : 03.15 h Dénivelé positif : 460 m Dénivelé négatif : 460 m" />
<meta property="og:url" content="https://quellenhof-leukerbad.ch/fr/class/chemin-du-glacier-et-cabane-de-la-laemmeren/" />
<meta property="og:site_name" content="Quellenhof Hotel in Leukerbad" />
<meta property="article:publisher" content="https://www.facebook.com/quellenhof.leukerbad" />
<meta property="article:modified_time" content="2021-10-26T08:28:57+00:00" />
<meta name="twitter:card" content="summary_large_image" />
<meta name="twitter:label1" content="Durée de lecture estimée" />
	<meta name="twitter:data1" content="1 minute" />
<script type="application/ld+json" class="yoast-schema-graph">{"@context":"https:\/\/schema.org","@graph":[{"@type":"WebPage","@id":"https:\/\/quellenhof-leukerbad.ch\/fr\/class\/chemin-du-glacier-et-cabane-de-la-laemmeren\/","url":"https:\/\/quellenhof-leukerbad.ch\/fr\/class\/chemin-du-glacier-et-cabane-de-la-laemmeren\/","name":"Chemin du glacier et cabane de la Lämmeren - Quellenhof Hotel in Leukerbad","isPartOf":{"@id":"https:\/\/quellenhof-leukerbad.ch\/fr\/#website"},"datePublished":"2021-09-21T13:06:36+00:00","dateModified":"2021-10-26T08:28:57+00:00","breadcrumb":{"@id":"https:\/\/quellenhof-leukerbad.ch\/fr\/class\/chemin-du-glacier-et-cabane-de-la-laemmeren\/#breadcrumb"},"inLanguage":"fr-FR","potentialAction":[{"@type":"ReadAction","target":["https:\/\/quellenhof-leukerbad.ch\/fr\/class\/chemin-du-glacier-et-cabane-de-la-laemmeren\/"]}]},{"@type":"BreadcrumbList","@id":"https:\/\/quellenhof-leukerbad.ch\/fr\/class\/chemin-du-glacier-et-cabane-de-la-laemmeren\/#breadcrumb","itemListElement":[{"@type":"ListItem","position":1,"name":"Startseite","item":"https:\/\/quellenhof-leukerbad.ch\/fr\/"},{"@type":"ListItem","position":2,"name":"Chemin du glacier et cabane de la Lämmeren"}]},{"@type":"WebSite","@id":"https:\/\/quellenhof-leukerbad.ch\/fr\/#website","url":"https:\/\/quellenhof-leukerbad.ch\/fr\/","name":"Quellenhof Hotel in Leukerbad","description":"Hotel Restaurant Quellenhof in Leukerbad","publisher":{"@id":"https:\/\/quellenhof-leukerbad.ch\/fr\/#organization"},"potentialAction":[{"@type":"SearchAction","target":{"@type":"EntryPoint","urlTemplate":"https:\/\/quellenhof-leukerbad.ch\/fr\/?s={search_term_string}"},"query-input":{"@type":"PropertyValueSpecification","valueRequired":true,"valueName":"search_term_string"}}],"inLanguage":"fr-FR"},{"@type":"Organization","@id":"https:\/\/quellenhof-leukerbad.ch\/fr\/#organization","name":"Quellenhof Leukerbad","url":"https:\/\/quellenhof-leukerbad.ch\/fr\/","logo":{"@type":"ImageObject","inLanguage":"fr-FR","@id":"https:\/\/quellenhof-leukerbad.ch\/fr\/#\/schema\/logo\/image\/","url":"https:\/\/quellenhof-leukerbad.ch\/wp-content\/uploads\/2020\/12\/Quellenhof_Logo_rgb.png","contentUrl":"https:\/\/quellenhof-leukerbad.ch\/wp-content\/uploads\/2020\/12\/Quellenhof_Logo_rgb.png","width":237,"height":70,"caption":"Quellenhof Leukerbad"},"image":{"@id":"https:\/\/quellenhof-leukerbad.ch\/fr\/#\/schema\/logo\/image\/"},"sameAs":["https:\/\/www.facebook.com\/quellenhof.leukerbad","https:\/\/www.instagram.com\/quellenhof_leukerbad"]}]}</script>
<!-- / Yoast SEO plugin. -->

Chemin du glacier et cabane de la Lämmeren - Quellenhof Hotel in Leukerbad

Difficulté : facile Distance : 10 km Durée : 03.15 h Dénivelé positif : 460 m Dénivelé négatif : 460 m
